number?
True
Is 30113557 composite?
True
Is 4755005 composite?
True
Is 3043033 a composite number?
True
Is 97673 composite?
False
Is 37411453 a prime number?
True
Is 8950951 a prime number?
True
Is 80533567 a composite number?
True
Is 21542701 composite?
True
Is 4845353 a prime number?
True
Is 2859901 a prime number?
False
Is 152699 prime?
False
Is 578009 a prime number?
False
Is 217993763 a prime number?
False
Is 32079953 a composite number?
False
Is 1583957 a prime number?
False
Is 88667809 a prime number?
False
Is 658553 prime?
False
Is 5798711 a prime number?
True
Is 681769 a prime number?
False
Is 32020445 a composite number?
True
Is 16058381 a prime number?
True
Is 30819697 a prime number?
False
Is 168695833 composite?
False
Is 54987249 a prime number?
False
Is 853117 composite?
True
Is 12768697 prime?
True
Is 17033039 a prime number?
False
Is 1797667 prime?
True
Is 119306077 a prime number?
False
Is 26498609 a prime number?
True
Is 1931203 a prime number?
True
Is 39637765 a composite number?
True
Is 156906949 a prime number?
True
Is 656285005 a composite number?
True
Is 13076759 a composite number?
False
Is 1472239 a composite number?
False
Is 12486887 a prime number?
False
Is 38047117 a prime number?
False
Is 44978537 a prime number?
True
Is 1258927 composite?
False
Is 34841867 prime?
True
Is 31875199 composite?
False
Is 200480507 composite?
True
Is 3489611 composite?
True
Is 126850193 composite?
False
Is 9074031 composite?
True
Is 256391 composite?
False
Is 17242903 prime?
True
Is 1192166809 prime?
True
Is 14832047 a composite number?
False
Is 34865597 a composite number?
True
Is 8200363 prime?
True
Is 30878161 prime?
True
Is 75873029 a composite number?
False
Is 27486791 prime?
True
Is 34120937 a composite number?
True
Is 33887941 a composite number?
False
Is 18362851 prime?
False
Is 136613987 prime?
True
Is 10519085 a composite number?
True
Is 540116747 a composite number?
False
Is 4126247 a prime number?
True
Is 1060091 prime?
True
Is 6444703 composite?
False
Is 7934 prime?
False
Is 2507209 a composite number?
True
Is 32803907 composite?
False
Is 36599 composite?
False
Is 98295959 a prime number?
True
Is 60915077 prime?
True
Is 20927687 a composite number?
True
Is 419929451 a prime number?
True
Is 12938291 a composite number?
False
Is 2999627 a composite number?
True
Is 8750171 a composite number?
False
Is 4336859 a composite number?
False
Is 12545521 composite?
False
Is 109328761 a prime number?
True
Is 583069 composite?
False
Is 4885 composite?
True
Is 1633109 a prime number?
False
Is 4508549 a composite number?
False
Is 149792053 a prime number?
True
Is 3135823 a composite number?
True
Is 192659503 prime?
True
Is 4926853 composite?
True
Is 5019293 prime?
False
Is 6605093 composite?
True
Is 167886967 composite?
True
Is 10302983 composite?
True
Is 10045421 a prime number?
True
Is 71450861 a composite number?
False
Is 7548773 prime?
False
Is 704801081 composite?
True
Is 6637263 a composite number?
True
Is 3915341 composite?
False
Is 4157155 a composite number?
True
Is 113570165 composite?
True
Is 43469938 a prime number?
False
Is 1030493 a composite number?
False
Is 494579 composite?
True
Is 46155379 a prime number?
True
Is 50617937 composite?
False
Is 2180159 composite?
False
Is 61658527 a prime number?
False
Is 6214981 prime?
True
Is 32446819 a composite number?
True
Is 3002249 composite?
True
Is 287979743 prime?
True
Is 6213391 prime?
True
Is 2389967 prime?
True
Is 13664009 prime?
False
Is 62816107 a prime number?
True
Is 34550609 a prime number?
True
Is 596757179 a prime number?
True
Is 18520339 a prime number?
True
Is 943786 prime?
False
Is 2385679 a prime number?
True
Is 270449117 a composite number?
False
Is 23172011 composite?
True
Is 301457 prime?
False
Is 3297361 prime?
False
Is 16231783 a prime number?
False
Is 597757 a composite number?
False
Is 67351339 prime?
False
Is 16402067 prime?
False
Is 92720617 a composite number?
True
Is 758783 a composite number?
False
Is 8379269 prime?
False
Is 2169917 a composite number?
True
Is 6716113 prime?
True
Is 176792617 a prime number?
True
Is 9624759 a prime number?
False
Is 1080553 composite?
False
Is 14745893 a prime number?
True
Is 13261667 prime?
True
Is 119328229 prime?
True
Is 3064549 a composite number?
True
Is 24778007 a composite number?
True
Is 1678451 prime?
False
Is 93435773 a prime number?
True
Is 38576851 prime?
True
Is 10614403 a composite number?
False
Is 6059747 prime?
False
Is 4298279 prime?
True
Is 21677353 prime?
True
Is 94445165 composite?
True
Is 19040957 a prime number?
False
Is 2673089 prime?
True
Is 283004495 composite?
True
Is 343646063 prime?
True
Is 12429901 composite?
True
Is 14154949 prime?
True
Is 21329683 prime?
True
Is 15338801 composite?
False
Is 852006823 prime?
True
Is 237527993 a composite number?
False
Is 311149009 a composite number?
False
Is 132761821 a prime number?
False
Is 17597821 a prime number?
False
Is 8041613 prime?
False
Is 1304378 prime?
False
Is 51798809 composite?
False
Is 37920643 a composite number?
False
Is 2350753 a prime number?
True
Is 2650871 composite?
True
Is 2445629 prime?
True
Is 283447 a composite number?
False
Is 3801571 prime?
True
Is 248047 composite?
True
Is 51290515 a prime number?
False
Is 2481709 composite?
False
Is 567191243 a composite number?
False
Is 54588601 composite?
False
Is 1256093 prime?
False
Is 287995817 composite?
False
Is 5412667 composite?
True
Is 532307 prime?
True
Is 1746419 a prime number?
True
Is 5548397 a composite number?
True
Is 141340271 prime?
False
Is 1648033 composite?
True
Is 75834653 a composite number?
False
Is 119012987 composite?
False
Is 3199195 a composite number?
True
Is 113113643 composite?
False
Is 91584919 composite?
True
Is 2489587 composite?
True
Is 611894879 composite?
False
Is 4666549 prime?
True
Is 63461659 composite?
False
Is 610970647 prime?
False
Is 9324323 a prime number?
False
Is 23462479 composite?
True
Is 17305373 a prime number?
False
Is 28296121 a composite number?
True
Is 11019931 a prime number?
False
Is 115033 a composite number?
True
Is 2828291 a composite number?
False
Is 3461167 composite?
False
Is 222411031 a composite number?
True
Is 4545683 prime?
True
Is 120555353 a composite number?
False
Is 21560243 a prime number?
False
Is 382875623 a composite number?
True
Is 27329297 prime?
True
Is 4083433 a prime number?
False
Is 347401 a composite number?
False
Is 15875962 prime?
False
Is 253408693 a prime number?
True
Is 6863113 a prime number?
False
Is 2622377 composite?
False
Is 3838717 a composite number?
True
Is 761978359 a composite number?
True
Is 2769121 a composite number?
False
Is 4784191 prime?
False
Is 135151 prime?
True
Is 29566949 composite?
True
Is 15936311 a prime number?
False
Is 493221961 composite?
False
Is 936997 a prime number?
False
Is 13326989 composite?
True
Is 35417011 a composite number?
True
Is 484451 a composite number?
True
Is 8291981 prime?
True
Is 7954009 a prime number?
False
Is 974593 a composite number?
True
Is 10966159 a prime number?
True
Is 49065803 prime?
True
Is 4774513 a composite number?
False
Is 3876007 a prime number?
True
Is 22054469 prime?
False
Is 12527799 a prime number?
False
Is 2821241 composite?
True
Is 277033871 composite?
False
Is 11599579 a prime number?
True
Is 14972179 composite?
True
Is 89752643 prime?
False
Is 108177467 a composite number?
True
Is 14442347 prime?
True
Is 356533 a composite number?
False
Is 93839533 composite?
True
Is 2182319 a prime number?
False
Is 11714195 prime?
False
Is 3113009 composite?
False
Is 74802491 a composite number?
True
Is 2706751 composite?
True
Is 197674457 a prime number?
False
Is 2480843 composite?
False
Is 11222021 a composite number?
False
Is 210781219 a composite number?
True
Is 29964787 a prime number?
False
Is 15818003 composite?
False
Is 4434721 composite?
False
Is 1344487 prime?
True
Is 14391017 prime?
False
Is 2698297 a composite number?
True
Is 837247 a prime number?
False
Is 120232537 a prime number?
True
Is 28254253 prime?
True
Is 134033 a prime number?
True
Is 20346617 composite?
False
Is 20905793 a composite number?
True
Is 174235021 prime?
True
Is 215679713 composite?
True
Is 614305 a prime number?
False
Is 17818747 a prime number?
True
Is 13609 compos